he highest common factor of 360 and 327080.
40
Calculate the greatest common divisor of 15281130 and 722.
722
Calculate the greatest common factor of 2880 and 1279620.
180
Calculate the greatest common divisor of 102 and 257091.
51
What is the greatest common divisor of 42 and 190484?
14
Calculate the greatest common factor of 4560 and 105336.
456
What is the greatest common divisor of 101841 and 3984?
249
What is the greatest common factor of 1516922 and 22?
22
Calculate the highest common divisor of 1472 and 414.
46
What is the highest common factor of 21000 and 595500?
1500
What is the greatest common factor of 4020 and 25260?
60
What is the greatest common divisor of 17080 and 2078636?
1708
What is the greatest common factor of 84427 and 294?
49
What is the highest common divisor of 5248 and 615?
41
Calculate the highest common divisor of 438 and 282218.
146
What is the highest common factor of 1208 and 4856?
8
What is the greatest common divisor of 891 and 639045?
99
Calculate the greatest common factor of 74355 and 135.
15
Calculate the greatest common divisor of 105 and 1411305.
105
What is the highest common factor of 135718 and 398?
398
What is the greatest common factor of 1662 and 12399351?
831
Calculate the greatest common factor of 18164 and 836.
76
What is the highest common factor of 783 and 58833?
27
What is the highest common divisor of 76 and 34162?
38
What is the highest common factor of 2300 and 7925?
25
Calculate the highest common factor of 9 and 190611.
9
Calculate the highest common divisor of 42881 and 9727.
137
Calculate the highest common factor of 238 and 3372460.
238
Calculate the highest common factor of 66 and 2042.
2
Calculate the greatest common factor of 15015 and 980070.
1365
What is the greatest common factor of 170 and 22695?
85
Calculate the greatest common divisor of 6603 and 1767.
93
What is the highest common factor of 3103814 and 292?
146
What is the highest common divisor of 166 and 1182086?
166
Calculate the greatest common divisor of 426 and 71852.
142
What is the greatest common divisor of 4600 and 934720?
920
What is the greatest common factor of 5880 and 1505?
35
Calculate the highest common factor of 33 and 67023.
33
What is the highest common factor of 8321 and 11932?
157
Calculate the greatest common factor of 216 and 1912.
8
Calculate the highest common divisor of 57934 and 166.
166
Calculate the highest common factor of 30 and 10452.
6
Calculate the greatest common factor of 2647 and 1.
1
Calculate the highest common divisor of 1770 and 14550.
30
What is the highest common factor of 15028 and 172?
4
What is the highest common divisor of 162 and 49356?
54
What is the highest common factor of 1168 and 354050?
146
Calculate the greatest common divisor of 17 and 341479.
17
What is the greatest common factor of 35164 and 531?
59
What is the highest common factor of 1281 and 7434?
21
What is the greatest common divisor of 3080 and 665?
35
Calculate the greatest common factor of 106865 and 8710.
335
Calculate the greatest common divisor of 110 and 2166406.
22
Calculate the highest common divisor of 4462 and 970.
194
What is the highest common factor of 820 and 445?
5
What is the highest common divisor of 61063 and 4842?
269
Calculate the greatest common divisor of 1288 and 64952.
184
What is the highest common divisor of 46 and 35650?
46
Calculate the greatest common factor of 30 and 110800.
10
What is the greatest common divisor of 172 and 45494?
86
What is the greatest common factor of 66646 and 846?
94
Calculate the highest common divisor of 5349 and 24.
3
Calculate the greatest common factor of 10480 and 1061624.
1048
Calculate the highest common factor of 3710 and 7049.
371
What is the highest common factor of 3984 and 128733?
249
What is the highest common factor of 246 and 15334?
82
Calculate the highest common factor of 377 and 244153.
13
Calculate the highest common divisor of 18483 and 11211.
303
What is the highest common divisor of 132 and 58113?
33
Calculate the greatest common factor of 1368 and 83961.
171
What is the greatest common factor of 189 and 216594?
189
What is the highest common divisor of 415368 and 12?
12
Calculate the greatest common factor of 1587014 and 403.
403
What is the greatest common divisor of 284 and 4808404?
284
Calculate the greatest common factor of 39 and 5245929.
39
What is the greatest common factor of 120 and 2383944?
24
Calculate the greatest common divisor of 38020 and 276.
4
Calculate the greatest common divisor of 32656 and 728.
104
What is the greatest common divisor of 72630 and 162?
54
What is the greatest common factor of 252 and 17304?
84
What is the greatest common factor of 105 and 59445?
15
What is the highest common factor of 837 and 3216963?
93
Calculate the greatest common divisor of 1263918 and 228.
114
Calculate the greatest common divisor of 1315 and 105.
5
What is the highest common factor of 4256 and 14763?
133
Calculate the highest common divisor of 178 and 96209.
89
What is the highest common factor of 221628 and 3504?
876
Calculate the highest common factor of 46575 and 4600.
575
Calculate the highest common divisor of 1026 and 6939.
27
Calculate the greatest common factor of 494 and 8417.
19
Calculate the greatest common divisor of 1636 and 74029.
409
Calculate the highest common factor of 1537 and 210039.
53
What is the highest common factor of 18 and 49971?
3
What is the highest common factor of 1375 and 2100?
25
Calculate the highest common factor of 144620 and 10.
10
What is the highest common factor of 160 and 830?
10
What is the highest common factor of 6640 and 8051?
83
What is the highest common divisor of 27777 and 282?
141
Calculate the greatest common divisor of 4521 and 6713.
137
What is the greatest common factor of 652 and 2159587?
163
What is the greatest common divisor of 12089 and 314?
157
Calculate the highest common factor of 513800 and 400.
200
Calculate the highest common divisor of 17300 and 66900.
100
What is the greatest common factor of 1859 and 1991?
11
What is the highest common factor of 32 and 3926880?
32
Calculate the greatest common divisor of 65394 and 594.
54
What is the greatest common factor of 2752 and 28352?
64
What is the highest common divisor of 980464 and 526?
526
Calculate the highest common divisor of 52368 and 1992.
24
What is the highest common factor of 38446 and 376?
94
Calculate the greatest common divisor of 35930 and 2010.
10
What is the greatest common divisor of 265248 and 132?
12
Calculate the highest common divisor of 1359 and 93.
3
What is the greatest common divisor of 3496 and 4864?
152
What is the greatest common factor of 24149 and 323?
19
Calculate the highest common divisor of 88452 and 2912.
364
What is the highest common factor of 768749 and 111?
37
What is the highest common divisor of 4731 and 40470?
57
Calculate the highest common divisor of 21 and 60529.
7
Calculate the greatest common divisor of 2691 and 9165.
39
What is the greatest common factor of 14223 and 15?
3
Calculate the highest common factor of 1030287 and 282.
141
Calculate the greatest common divisor of 120 and 600360.
120
What is the greatest common factor of 26688 and 22518?
834
Calculate the greatest common divisor of 1000 and 304.
8
Calculate the highest common divisor of 770 and 1679062.
154
What is the highest common divisor of 103068 and 2772?
252
What is the greatest common divisor of 30421 and 203?
29
What is the highest common factor of 34408 and 8?
8
Calculate the highest common factor of 36 and 124884.
36
Calculate the highest common factor of 42938 and 406.
14
What is the highest common factor of 86513 and 7616?
119
Calculate the highest common divisor of 27 and 349731.
27
Calculate the greatest common factor of 6820 and 1921876.
1364
Calculate the highest common divisor of 2868 and 1008.
12
Calculate the highest common factor of 3113 and 99.
11
Calculate the greatest common divisor of 184 and 7766456.
184
Calculate the greatest common divisor of 2156 and 266420.
308
What is the greatest common factor of 135 and 42579?
27
What is the greatest common divisor of 405 and 2050785?
135
Calculate the greatest common factor of 101918 and 20228.
778
Calculate the highest common divisor of 783